4 - (-8 - 29))?
20
What is the value of -40621 + 40660 - (0 + -2 + -2 + (-7 - -2))?
48
What is -20 + 53 + -69 - -121?
85
What is the value of (-227 - -146) + 133 + -50?
2
What is the value of -13 + 7 + (-16 - -14 - -12) + -8?
-4
(2 - -2) + 7 + -17 + -27
-33
What is the value of -9523 - -9529 - ((1 - 2 - 0) + 51)?
-44
4 - -8 - -25 - (-8 - (0 - 3) - -1)
41
-15 + 3 - (-99 - (-17 + -14))
56
What is -21 + (51 - -47) - (-5 + 5 - 18)?
95
What is the value of -1 + (8 - (18 - 24)) + (3 - (5 + -1))?
12
What is 41 - 18 - (-8 - (22 + 5))?
58
What is the value of 28 + -3 - 46 - 35?
-56
Evaluate (-12 + -35 - -49) + -4 + (-4 - -8) + 83.
85
What is the value of 1 + 0 + -11 + -42 + 44 + -32 + 5?
-35
-48 + 18 + (-4 - -22) - -13 - (78 + 1)
-78
What is the value of 3 + -16 + -2 + -11 + 0 + (-1515 - -1504)?
-37
Evaluate (-6 + 17 - 19) + -23 + 10.
-21
Calculate 56 - (-41 - (-12 + 15 + -33)).
67
Calculate 386 + -332 - (0 + 16).
38
Calculate (-1 - (-9 + 20 - -12)) + -19.
-43
What is -2 + -8 + (-49 - (-17 + -1 + 224 + -206))?
-59
-6 + -26 + 52 + -26 + 2
-4
What is (-46 - -136) + -269 - (-19 - (3 + 0))?
-157
Calculate 3 - (1 + -31) - (-21 + 10 + (36 - 14)).
22
Evaluate (-1 - (-1 + 0 + 12)) + (-370 - -408).
26
Evaluate (-1 - -116) + 5615 + -5676.
54
Calculate 27 - (-27 - 9 - -27 - 16).
52
What is the value of -3 + 8 + (-370 - -334)?
-31
-15 + (43 - (28 + -41)) + (5 - -1)
47
168 + (-62 - 15 - 0)
91
What is -14 + (30 - (60 + 33 + -34))?
-43
Evaluate 11 + ((-3 - -17) + (-15 - 1) - -111).
120
Evaluate 8 + (-2 + -6 - (74 + -87) - -36).
49
What is (-17 - -18) + (-2 - 42) + (-7 - -8)?
-42
What is (-3 + 18 - -36) + (-25 - -46)?
72
Calculate -20769 - -20742 - (7 - (1 + -2)).
-35
Calculate 50 - (4 + 24) - (3 - 26).
45
What is -278 - -81 - 0 - -104?
-93
What is the value of (-781 - -890) + 33 - (0 - (2 + -1 - 9))?
134
Evaluate (-1 - (78 + 0)) + 4 + 93 + -87.
-69
Evaluate (2030 - 2050) + (1 - 8).
-27
Evaluate (-27 - (18 + -47)) + (-6 - 34).
-38
Calculate (136 - 100 - 99) + -7.
-70
What is -45 + (-31 + 27 - 5) - (1 - -3)?
-58
Evaluate 4 - ((57 + 22 - 71) + (-14 - 1)).
11
-30 + 17 + -6 + -1 - 12
-32
What is the value of 23 + (1 - (11 - -1 - (36 - 31)))?
17
What is (-344 - -320) + -12 + 0?
-36
What is the value of 6 + 13 + (54 - 50 - ((-3 - -3) + -1))?
24
Calculate (2 - (5 - 5)) + (4 - ((2 - 6) + -7)).
17
Calculate 3 + -5 + -6 + -12 + (8 - (21 + -5)).
-28
What is the value of -73 - -92 - -17 - 20?
16
What is the value of -16 - (-19 + 36) - (-19 + 5)?
-19
What is 32 + (8 - -4) + (14 + -6 - 2)?
50
Evaluate 35 + (-31 - (13 - 41)).
32
(1 - -60) + -63 - 13
-15
19 + 0 + (52 - 4) + -110
-43
What is 24 + -45 + 13 + (2 - 49)?
-55
Evaluate -18 - (-96 + -26 + 34 + 12).
58
What is 497 - 456 - (1 - -9) - -31?
62
Evaluate -5 + 2 - (-502 + 488).
11
Calculate -787 - -783 - (47 - (1 - -3)).
-47
What is -79 + (-43 - -113) + -40?
-49
Calculate (-91 - -85) + -7 + (25 - -1) - 130.
-117
Evaluate 14 - (64 + (-96 - -37)).
9
Calculate -1 - -7 - (67 + (-3 - 0) + 174 + -180).
-52
What is -20 - (10 + -2 + -8 + (6 - 10))?
-16
What is the value of -11 - (13 + (-51 - 11))?
38
Evaluate 3 + -44 + 1 - (60 + -29 + -22).
-49
What is -8 + 1 - ((109 - (4 + -15 + 12)) + -21)?
-94
What is the value of (205 - 216) + (-7 - -17) + -6 + (17 - 2)?
8
What is the value of (0 - 3 - -9) + (-272 + 191 - -148)?
73
What is the value of -3 + (17 - 1) + -5 - (-2 - (-23 - 2))?
-15
What is -39 + -1 - ((-5 - -11) + (27 - 17) + -5)?
-51
Calculate 9 - (40 + (56 - 75)).
-12
What is the value of 111 - 180 - (-36 - 60)?
27
80 + -62 - (0 - -12) - -1
7
Evaluate 91 + -37 + 34 + -94.
-6
72 + (154 - 254) + (55 - -2)
29
(-10 - (26 - 30 - 10)) + 18
22
What is the value of -3 - (-1 - ((-49 - 2) + (-1 - (-37 - -40))))?
-57
What is -5 + 2 + 12 + (-19 - 8 - -16) + 4?
2
85 - 3 - (3 + -2 + -8 + (528 - 522))
83
Evaluate (11 - (1 + -9)) + -44 + -17.
-42
What is the value of -48 - (31 - (-29 - (-39 - 11)))?
-58
Calculate (-503 - -442) + (3 - (0 + (3 + 2 - 1))).
-62
0 + -50 + (33 - 12) + -2 + -2 + 7
-26
Calculate ((26 - 13) + -30 - (-24 + 9)) + 115.
113
Calculate -11 + 17 + 1 + -20 - (3 - -2).
-18
4 + (-32 - -9) - (-9 - -51 - 26)
-35
Calculate 3 + -69 + -18 + 33.
-51
(-829 - -762) + (-41 - 5)
-113
What is the value of 29 + (-82 + 81 - 103)?
-75
-14 + 48 + -6 + 4 + -1
31
What is the value of 82 - ((56 - 69) + 91)?
4
Calculate -18 + (10 - 5) + (2778 - 2621).
144
Evaluate (-21 - 45) + (-49 - (-46 + 14)).
-83
Calculate (109 - 33) + -38 + -139.
-101
Evaluate 47 - 75 - (89 - (-32 + 48)).
-101
Calculate 3 + -6 - (-121 - ((30 + -8 - 45) + 14)).
109
What is 58 + -22 + -31 + 17?
22
Calculate (-14 + -39 - -10) + (6 + -14 - (-8 - -11)).
-54
Evaluate 100 + (-6 - -1) + (106 - 29) + -79.
93
Evaluate (19 - (21 - (-1 + 7))) + (-8 - (3 + 4)).
-11
What is the value of 10 - (7 + (-3 - (5 + -5)) + (202 - 297))?
101
Evaluate (21 - -35) + -37 + 32 + -40.
11
What is (31 + -1 - (-252 + 268)) + 24?
38
Evaluate -1 - (-36 - -5 - (49 - 56)).
23
What is 40 + -63 - (-80 + (-18 - -14))?
61
What is 30 - (3 + -28 + (-130 - -154))?
31
What is 7 + -29 + (37 - 22) + -3?
-10
(-51 - (-98 - -37) - (-2 + 16)) + -1 + -32
-37
Calculate (-9 - (1 - (-6 - -28))) + -6 - (-7 + -58).
71
Calculate 105 + (-308 - (-115 - 23)).
-65
2 - 39 - (-192 - -81 - -88)
-14
0 + 1 + (12 - (-55 + (-7 - -4 - 18)))
89
What is the value of (60 - 1) + (-8 - -19 - (17 + -29) - 24)?
58
16 + (-92 - -116 - (0 + -15))
55
What is -438 + 452 + (-5 + 3 - (-2 + 4 + 2))?
8
What is the value of -3 + 14 - 15 - (-4 - (-4 + -6))?
-10
What is (50 - (-41 + 109)) + -18?
-36
What is (-5 - 0) + 49 + 21 + 17?
82
Evaluate (-2 - -11) + (274 - 376 - (-17 + 1 - 5)).
-72
Calculate -22 + (7 - 1 - -25).
9
What is the value of -16 + -2 + 8 + 20 - (65 + -81)?
26
What is the value of 37 + 23 - 20 - -2?
42
What is 1761 + -1771 + (5 - -2) + (-1 - 1 - -1)?
-4
Evaluate 6 - -2 - -7 - 25 - (-5 + 5).
-10
Calculate -56 + (25 - 11 - (47 + -24 + -6)).
-59
Evaluate -27 + (20 - -11) + (-9 - -17).
12
Calculate -42 + 3 - (55 - 82) - (2 + -1 + -81).
68
Calculate -29 + ((5 - (-8 + -1)) + 7 - (6 + 3)).
-17
Calculate -6 - (1 - 4 - (0 - (-74 + 20 + 19))).
32
Calculate -8 - ((0 - -57) + -6 + 0 - -17).
-76
What is -3 - (-2 + 13) - (151 - 170)?
5
Evaluate (-128 - 20 - -101) + 123.
76
Calculate 10 - (21 + 11 - 45 - (-17 - -1)).
7
What is the value of -10 + (-27 - (1 + -56))?
18
(455 - 406) + (6 - -1) + 2 + 0 - 11
47
Calculate -88 + (9 - 2) + (18 - 5 - 4).
-72
Evaluate (55 - (-3 - -50)) + (-20 - -1) + -13.
-24
-9 + 1 + 0 + -115 + (211 - 91)
-3
What is -10 + -2 + -2 + (87 - (-7 + 8)) + 10?
82
What is -5 + (13 - (16 + (6 - -3) + 36))?
-53
What is 10 + 77 + -104 + 13?
-4
19 - (55 + -8) - -1 - -79
52
What is the value of (-5 - -58) + (-9 + 7 - -20)?
71
What is -48 + (-17 - -21) + -19 + 4?
-59
Evaluate 69 + (-10 - (0 + 0 + -6 - (-186 - -181))).
60
17 + -31 + (2 - -30 - -21)
39
0 + (9 - 3) - 12 - -8 - 2
0
What is -58 - ((-39 - -20 - (-18 - -2)) + 7 + -9)?
-53
What is -56 + 35 - (-16 + 15 - -47)?
-67
What is 64 - ((-26 - 6) + 142)?
-46
17 + -32 + -11 + -28 + 24
-30
-80 + 113 + 66 - 218
-119
Calculate (4 - (1 + -5)) + (-161 - (0 - 13)).
-140
20 + -39 + -16 - -18
-17
Calculate -30 + 21 - (-10 + (6 + -6 - -2)) - 2.
-3
Evaluate (17 - -11) + -8 + 24 + -1.
43
(-1 - -52) + (-28 - -30)
53
Calculate -19 + (-3 - (13 + -18)) + 7 - (-3 - 107).
100
-105 + (81 - (55 + -126))
47
Evaluate -56 - ((-38 - -24 - 3) + 0 + 5).
-44
Calculate -26 + 0 + (-40 + 6 - -23) - 14.
-51
Calculate 5 + -22 - (-35 - (-30 + -44)).
-56
What is -7 + (-11 - 6) - -38?
14
Evaluate -43 + -1 - (-331 + 298).
-11
What is -25 + (-32 - (-30 - 4 - 17))?
-6
Calculate -1 - 1 - (5 - (-12 + 26)) - 15.
-8
Evaluate 4 - 5 - 14 - (-34 - 50).
69
What is -289 - -416 - (0 + 141)?
-14
-3 - (0 + -5) - -7 - 2 - (-454 + 419)
42
Evaluate 2 + 66 - 98 - (-7 + 124).
-147
Calculate -15 + 103 + -62 + 55.
81
110 + (16 - 40) - 5
81
(-7 - -4) + 23 - (-427 + 371)
76
What is the value of -16 - 1 - (-21 + -60 - -110)?
-46
Calculate 64 - (-168 + 82 - -79).
71
Calculate -122 + -86 + 125 + -18.
-101
What is the value of -1 - (18 + -1) - (87 + -31 + -55)?
-19
Calculate 439 + -539 - (-58 + 2).
-44
Calculate 2 + -8 + -1 - ((-6 - 30) + 68 - 43).
4
-12 - -54 - 41 - -8
9
Evaluate (40 - 49) + 3 + -11 + -5 + (-1 - -5).
-18
Evaluate (72 - -16) + -60 + 8.
36
What is (27 + 